 Let q be n(-3). Let t be (-1 + -6)*(2 - q). What are the prime factors of i(t)?
11
Suppose 0*a - 5*a - 645 = 0. Let b(l) = l**2 - 9*l + 2. Let c be b(9). What are the prime factors of c/9 + a/(-27)?
5
Let x be (0/2 + 3)*1. Suppose 0 = 3*r + x*n - 13 - 5, 3*n + 24 = 3*r. Let f(l) = -l**3 + 8*l**2 - 6*l + 3. What are the prime factors of f(r)?
2, 5
Let z = -163 + 250. List the prime factors of z.
3, 29
List the prime factors of (0/2 + 94)/2.
47
Let t = -12 + 30. Suppose 3*a = t - 3. List the prime factors of a.
5
Suppose -27*j + 26*j = -61. What are the prime factors of j?
61
Let t(b) = 2*b + 8. Let s be t(-6). Let f = s + 6. Suppose -5*x + 4*u = -18, -5*u = f*x - x + 8. What are the prime factors of x?
2
Suppose -n + 122 + 11 = 0. List the prime factors of n.
7, 19
Let m be (3/(-2))/(1/4). Suppose -5 = 5*s + 5. What are the prime factors of (m/12)/(s/68)?
17
What are the prime factors of (612/(-27))/(4/(-6))?
2, 17
Suppose -8*z + 2*z + 240 = 0. List the prime factors of z.
2, 5
Let c(q) = -q**2 - q - 2. Let t be c(-2). Let m be (18/t)/((-2)/4). Let v = m - 1. List the prime factors of v.
2
Let w = 197 + -106. Let a = 2 - -5. Suppose -2*f + a*f + 2*l = 89, -5*f = 3*l - w. List the prime factors of f.
17
What are the prime factors of 410/15*-3*-1?
2, 41
Let k = -1 + 26. Suppose k = -n + 6*n. What are the prime factors of n?
5
Let u = 632 - 324. List the prime factors of u.
2, 7, 11
Let l = -198 + 296. What are the prime factors of l?
2, 7
Let r = 30 - 18. Suppose -2*s = r - 4. Let l = 7 + s. List the prime factors of l.
3
Let w(k) = 30*k**3 - k**2 + k. Let t be -2 - (2 - (-5)/(-1)). What are the prime factors of w(t)?
2, 3, 5
Let c = -2 - -5. Suppose -c*z + 27 = 108. Let s = z - -40. What are the prime factors of s?
13
Let x(m) = -6*m + 6 + 4*m**2 - m**2 - m**2 + 2*m. What are the prime factors of x(5)?
2, 3
Let n = -11 + 20. What are the prime factors of (n - 8) + (-3)/(-1)?
2
What are the prime factors of ((-924)/(-10))/((-4)/(80/(-6)))?
2, 7, 11
Let j = -114 + 359. List the prime factors of j.
5, 7
Suppose 5*k = 3*k + 4. Let z(p) = 2*p + 2*p**3 - p - p**k - p**3. List the prime factors of z(2).
2, 3
Let f(o) = -o**2 + 14*o + 16. Let d be f(14). Suppose 6*u - u + 3*y - d = 0, 0 = 5*u + 4*y - 13. List the prime factors of u.
5
Suppose 4*z - 18 = -b, 2*z - 22 = -b - 0*z. What are the prime factors of b?
2, 13
Let b(c) = c**3 - 9*c**2 - 5*c + 4. List the prime factors of b(11).
191
Let r(s) = 85*s**2 + 4*s + 1. What are the prime factors of r(-2)?
3, 37
Suppose 2*z - 7 + 1 = 0. Suppose 3*m = -2*l - 14 + 2, z*l = 0. List the prime factors of (2/m)/((-2)/48).
2, 3
What are the prime factors of (10 - 92)*(-2)/4?
41
Suppose k = 2*i - 3*k, 0 = 5*i + 4*k - 56. List the prime factors of i.
2
Suppose -2*o - 5*g + 2*g + 395 = 0, 0 = 3*o - 3*g - 615. List the prime factors of o.
2, 101
Suppose 0*k - 2*k = 0. Suppose k = -3*s + 79 - 16. What are the prime factors of s?
3, 7
Suppose 26 + 4 = 3*w. Suppose -2*a + 36 - w = 0. List the prime factors of a.
13
Suppose 2*j - 104 = -28. What are the prime factors of j?
2, 19
Let r be -2 + 4 + (1 - 1). Let v be (-2 - (2 - r)) + 2. Let o = v + 10. What are the prime factors of o?
2, 5
Let z = -72 - -42. Let m = -19 - z. Let t = -7 + m. What are the prime factors of t?
2
Suppose x - 6 = -x. Suppose 4*l = -5*b + 64, 23 + 25 = x*l - b. What are the prime factors of l?
2
Let u(m) = -17*m + 16. What are the prime factors of u(-6)?
2, 59
Suppose 180 = -3*v + 8*v. List the prime factors of v.
2, 3
Let a(i) be the first derivative of -i**3/3 + 5*i**2/2 - 4*i + 3. What are the prime factors of a(3)?
2
Let j(s) be the second derivative of s**5/10 - 7*s**4/12 + 5*s**3/6 + 3*s**2/2 - 2*s. Let r be j(4). Suppose -r = -4*l - 15. List the prime factors of l.
2, 3
Suppose -15*n = -10*n - 65. List the prime factors of n.
13
Let s(f) = -14*f - 1. Suppose 0 = -2*d + u, u + 2 = 4*d + 4. What are the prime factors of s(d)?
13
Let h(a) = -a**2 + 13*a + 6. Suppose -17*p = -12*p - 50. What are the prime factors of h(p)?
2, 3
Let d(n) = -n + 11. Let b be d(8). Suppose -2*k = 2*k - 5*l - 29, -3 = -k - b*l. What are the prime factors of k/5*(4 + 1)?
2, 3
Suppose s - 4 = 11. Let a = 28 - s. Suppose -3*m = z - 7 - a, -3*m + 5*z = 10. List the prime factors of m.
5
Suppose 3*u - 4*u + 29 = 0. Let h = -10 + u. What are the prime factors of h?
19
Let p(z) = -z**3 + 2*z**2 + 3*z - 2. Suppose -4*g = -6*g + 2*d, 0 = 3*g - 5*d - 4. What are the prime factors of p(g)?
2
Suppose -3*n + 125 - 11 = 0. Suppose 14*z - n = 12*z. List the prime factors of z.
19
Let d(n) = n**3 + 12*n**2 + 5*n - 23. What are the prime factors of d(-11)?
43
Suppose 2*j - 40 = -4*d - 4, 32 = 3*d + 4*j. What are the prime factors of d?
2
Let x be -3*(2 + 11/(-3)). Suppose 5*r + 35 = 5*y, -x*y = -0*y + 5*r + 15. Suppose -y = -t + 4. What are the prime factors of t?
2, 3
Let o = 14 + -9. Suppose -3 - 2 = y - 3*p, -4*y + o*p = -15. Suppose 5*z - 25 = -y. List the prime factors of z.
3
Suppose -128 = -4*l + 3*g, 5*l - 2*g - 128 = l. Suppose -w = w - l. List the prime factors of w.
2
Let z(a) = -a - 8. Let v be z(-8). Suppose -3*x = -3*h + 9, 3*h - 9 = -v*h + 5*x. List the prime factors of 3 - (4 - h) - -3.
5
Let k(q) = -q - 3. Let b be k(-5). Suppose 0 = -3*i - 9, 5*r + b*i = -3*i + 35. What are the prime factors of r?
2, 5
Suppose 4 + 6 = -5*y, -5*w + 5*y = -35. Suppose -29 = -w*a + 111. Let d = a - 13. What are the prime factors of d?
3, 5
Suppose 0*u - 54 = -2*u. List the prime factors of u.
3
Suppose -19*k - 5 = -20*k. What are the prime factors of k?
5
Suppose 4*v - 244 = -j, 4*v - 7*v - j = -182. What are the prime factors of v?
2, 31
Let h(r) = r**3 - 4*r**2 + 2*r + 1. Let t be h(4). Suppose v = 2*v - t. List the prime factors of v.
3
Let v be (-2)/(((-8)/(-268))/(-1)). Suppose a = 5*w - 168, -a + 3 = 2*w - v. What are the prime factors of w?
2, 17
Let v = 4 + -3. Let b be ((-1)/v - 1) + 12. Let y = b + -5. What are the prime factors of y?
5
Let v = -1 - -1. Suppose v*g = 2*g - 14. Suppose 0 = -3*a + 26 + g. List the prime factors of a.
11
Let w = 2 - 4. Let y be (-13)/(-3) - 4/(-6). What are the prime factors of -2*1/w*y?
5
Let v(f) = f**2 + 7*f + 9. Let g be v(-6). Suppose h + 20 = 5*z, 4 = g*z - 2*h - 15. List the prime factors of z.
3
Let q be (9/(-4))/((-15)/200). Let n = -9 + q. What are the prime factors of n?
3, 7
Let x(y) be the first derivative of 7*y**2 + 3 - 2*y**2 - 5. What are the prime factors of x(2)?
2, 5
Let c be -1 - (-4)/4 - -3. Suppose -w + 2*p = -0*w - 21, -4*w + 99 = -c*p. List the prime factors of w.
3
Suppose 0 = 4*b - 4*u - 151 - 45, 194 = 4*b - 5*u. List the prime factors of b.
3, 17
Let j = 63 - 45. Suppose 5*a = 108 - j. What are the prime factors of a?
2, 3
Let p(z) = -z + 16. List the prime factors of p(0).
2
Let z = 0 - 6. Let o = 6 + z. Suppose 2*d + 2*t - 30 = o, -2*d - 4*t = -3*d + 30. List the prime factors of d.
2, 3
Suppose 3*d = -0 - 6. What are the prime factors of ((-1)/2)/(d/76)?
19
Suppose -2*a = a + 180. Let d = -24 - a. List the prime factors of d.
2, 3
Suppose -4*c + 92 = -4*z - 0*c, 0 = 2*z - 5*c + 52. Let r = z + 35. What are the prime factors of r?
2, 7
Let j(n) be the second derivative of n**4/6 - 3*n**2/2 + 3*n. What are the prime factors of j(-3)?
3, 5
Suppose -5*m - 2 = 3*b + 4, m - 3 = -2*b. Let u = -20 + -2. List the prime factors of u/(-4) - b/(-6).
2, 3
Let n be ((-4)/(-3))/(2/9). Suppose 3*d - 2*d - 2*p = 4, 4*d - 2*p = 4. Suppose -x + n = -d*x. What are the prime factors of x?
2, 3
Let v = -4 + 2. Let g(f) = -4*f - 1. List the prime factors of g(v).
7
Suppose g = 5*g - 16. Let m = 32 - g. Let y = m + -17. List the prime factors of y.
11
Let n(i) = -i**3 - 4*i**2 - 3*i + 3. Suppose -3*o + 9 = 18. What are the prime factors of n(o)?
3
Let p = 4 - -18. List the prime factors of p.
2, 11
Let w = 33 - 19. Let s = -4 + w. What are the prime factors of s?
2, 5
Let q be (-2)/2 - (-6)/(-3). What are the prime factors of 2/q*(-17 + 2)?
2, 5
Let m(n) = -n**3 + 7*n**2 + 9*n - 6. Let f be m(8). What are the prime factors of 9 + (f - (-10)/(-2))?
2, 3
Let q(i) = i**3 - i**2 - 2*i + 2. Let w be q(0). Suppose 0 = 2*l - w*a - 1 - 1, -a = l - 9. List the prime factors of l.
5
Let d(p) = 0*p - p**2 + 3 + 5 - 5 - p. Let o be d(-3). Lis